{"id":8139,"date":"2020-11-12T11:03:21","date_gmt":"2020-11-12T10:03:21","guid":{"rendered":"https:\/\/www.presepenelbosco.it\/?page_id=5093"},"modified":"2020-11-12T11:03:21","modified_gmt":"2020-11-12T10:03:21","slug":"informazioni-3","status":"publish","type":"page","link":"https:\/\/www.presepenelbosco.it\/index.php\/a-viganego-di-bargagli\/meteo\/la-storia\/informazioni-3\/","title":{"rendered":"Informazioni sul sito web"},"content":{"rendered":"<div style=\"border: 0.1em solid transparent; whidt: 100%; margin: 0 auto; padding: 1em; background-color: #ffffff; border-radius: 1.5em;\">Informazioni legali&nbsp;<\/p>\n<p style=\"font-family: arial;\">I testi, le informazioni e gli altri dati pubblicati in questo sito nonch\u00e8 i link ad altri siti presenti sul web hanno esclusivamente scopo informativo e non assumono alcun carattere di ufficialit\u00e0. Non si assume alcuna responsabilit\u00e0 per eventuali errori od omissioni di qualsiasi tipo e per qualunque tipo di danno diretto, indiretto o accidentale derivante dalla lettura o dall\u2019impiego delle informazioni pubblicate, o di qualsiasi forma di contenuto presente nel sito o per l\u2019accesso o l\u2019uso del materiale contenuto in altri siti.<\/p>\n<p style=\"font-family: arial;\">COPYRIGHT<br \/>\nI contenuti presenti sul sito \u201chttps:\/\/presepenelbosco.it\u201d del quale sono autori i proprietari del sito web non possono essere copiati,riprodotti,pubblicati o redistribuiti perch\u00e9 appartenenti agli autori stessi.<br \/>\nE\u2019 vietata la copia e la riproduzione dei contenuti in qualsiasi modo o forma.<br \/>\nE\u2019 vietata la pubblicazione e la redistribuzione dei contenuti non autorizzata espressamente dagli autori.<br \/>\nCopyright \u00a9 2023 Presepenelbosco.it by Confraternita San Bartolomeo Viganego. Tutti i diritti riservati.<\/p>\n<p style=\"font-family: arial;\">Altre informazioni<\/p>\n<p style=\"font-family: arial;\">Questo sito web \u00e8 stato creato e redatto in proprio dai Volontari della Confraternita San Bartolomeo di Viganego quale mezzo divulgativo del Presepe nel Bosco e della Confraternita. Le foto sono state raccolte dai Volontari negli anni. Alcune foto scattate dall\u2019ideatore del Presepe e acquisite su pellicola hanno subito danni nel tempo ma sono ormai esemplari unici ed \u00e8 per questo motivo che si \u00e8 deciso di pubblicarle nonostante la cattiva qualit\u00e0 delle immagini, della quale ci scusiamo.<\/p>\n<p style=\"font-family: arial;\">Il sito web https:\/\/presepenelbosco.it \u00e8 stato ottimizzato per essere visualizzato con il browser Google Chrome.<br \/>\nSe il Vostro computer non ha installato Google Chrome lo potete scaricare gratuitamente <span style=\"color: #0000ff;\"><a style=\"color: #0000ff;\" href=\"https:\/\/www.google.com\/intl\/it_it\/chrome\/\">da qui.<\/a><\/span><br \/>\nE\u2019 comunque possibile la visualizzazione del sito anche con altri browser, anche se, con release datate alcuni particolari potrebbero risultare alterati o non visibili.<\/p>\n<\/div>\n","protected":false},"excerpt":{"rendered":"<p>Informazioni legali&nbsp; I testi, le informazioni e gli altri dati pubblicati in questo sito nonch\u00e8 i link ad altri siti<\/p>\n","protected":false},"author":1,"featured_media":0,"parent":664,"menu_order":4,"comment_status":"closed","ping_status":"closed","template":"","meta":{"colormag_page_layout":"default_layout","_crdt_document":"","_exactmetrics_skip_tracking":false,"_exactmetrics_sitenote_active":false,"_exactmetrics_sitenote_note":"","_exactmetrics_sitenote_category":0,"_monsterinsights_skip_tracking":false,"_monsterinsights_sitenote_active":false,"_monsterinsights_sitenote_note":"","_monsterinsights_sitenote_category":0,"ngg_post_thumbnail":0,"footnotes":"","_links_to":"","_links_to_target":""},"class_list":["post-8139","page","type-page","status-publish","hentry"],"jetpack_sharing_enabled":true,"_links":{"self":[{"href":"https:\/\/www.presepenelbosco.it\/index.php\/wp-json\/wp\/v2\/pages\/8139","targetHints":{"allow":["GET"]}}],"collection":[{"href":"https:\/\/www.presepenelbosco.it\/index.php\/wp-json\/wp\/v2\/pages"}],"about":[{"href":"https:\/\/www.presepenelbosco.it\/index.php\/wp-json\/wp\/v2\/types\/page"}],"author":[{"embeddable":true,"href":"https:\/\/www.presepenelbosco.it\/index.php\/wp-json\/wp\/v2\/users\/1"}],"replies":[{"embeddable":true,"href":"https:\/\/www.presepenelbosco.it\/index.php\/wp-json\/wp\/v2\/comments?post=8139"}],"version-history":[{"count":0,"href":"https:\/\/www.presepenelbosco.it\/index.php\/wp-json\/wp\/v2\/pages\/8139\/revisions"}],"up":[{"embeddable":true,"href":"https:\/\/www.presepenelbosco.it\/index.php\/wp-json\/wp\/v2\/pages\/664"}],"wp:attachment":[{"href":"https:\/\/www.presepenelbosco.it\/index.php\/wp-json\/wp\/v2\/media?parent=8139"}],"curies":[{"name":"wp","href":"https:\/\/api.w.org\/{rel}","templated":true}]}}